
7
What is the remainder when 18 is divided by 10?
8
What is the remainder when 14654 is divided by 24?
14
What is the remainder when 369 is divided by 87?
21
Calculate the remainder when 161 is divided by 9.
8
Calculate the remainder when 54 is divided by 17.
3
Calculate the remainder when 4534 is divided by 72.
70
Calculate the remainder when 226 is divided by 66.
28
Calculate the remainder when 756 is divided by 23.
20
What is the remainder when 433 is divided by 19?
15
What is the remainder when 54 is divided by 31?
23
Calculate the remainder when 301 is divided by 83.
52
What is the remainder when 530 is divided by 59?
58
Calculate the remainder when 35 is divided by 10.
5
What is the remainder when 1827 is divided by 34?
25
Calculate the remainder when 1075 is divided by 90.
85
Calculate the remainder when 80 is divided by 30.
20
What is the remainder when 2078 is divided by 28?
6
Calculate the remainder when 1166 is divided by 39.
35
Calculate the remainder when 1586 is divided by 53.
49
Calculate the remainder when 807 is divided by 81.
78
What is the remainder when 103 is divided by 35?
33
Calculate the remainder when 4642 is divided by 99.
88
Calculate the remainder when 3393 is divided by 79.
75
Calculate the remainder when 4185 is divided by 44.
5
Calculate the remainder when 218 is divided by 77.
64
What is the remainder when 220 is divided by 8?
4
Calculate the remainder when 987 is divided by 18.
15
What is the remainder when 80 is divided by 54?
26
Calculate the remainder when 5087 is divided by 159.
158
Calculate the remainder when 316 is divided by 69.
40
Calculate the remainder when 44 is divided by 5.
4
What is the remainder when 1175 is divided by 62?
59
What is the remainder when 190 is divided by 60?
10
What is the remainder when 72 is divided by 66?
6
What is the remainder when 455 is divided by 90?
5
Calculate the remainder when 9 is divided by 4.
1
Calculate the remainder when 967 is divided by 102.
49
What is the remainder when 4171 is divided by 174?
169
What is the remainder when 202 is divided by 17?
15
What is the remainder when 3076 is divided by 57?
55
What is the remainder when 1160 is divided by 14?
12
What is the remainder when 194 is divided by 103?
91
What is the remainder when 359 is divided by 8?
7
What is the remainder when 3790 is divided by 79?
77
What is the remainder when 102 is divided by 20?
2
What is the remainder when 7727 is divided by 37?
31
Calculate the remainder when 107 is divided by 13.
3
What is the remainder when 3069 is divided by 4?
1
Calculate the remainder when 43 is divided by 3.
1
What is the remainder when 82 is divided by 28?
26
What is the remainder when 3507 is divided by 54?
51
Calculate the remainder when 1110 is divided by 101.
100
What is the remainder when 33561 is divided by 13?
8
Calculate the remainder when 296 is divided by 14.
2
Calculate the remainder when 2136 is divided by 62.
28
Calculate the remainder when 273 is divided by 123.
27
What is the remainder when 272 is divided by 143?
129
Calculate the remainder when 139 is divided by 111.
28
Calculate the remainder when 9737 is divided by 1080.
17
What is the remainder when 2120 is divided by 38?
30
Calculate the remainder when 152 is divided by 11.
9
What is the remainder when 45 is divided by 27?
18
Calculate the remainder when 2763 is divided by 146.
135
What is the remainder when 123 is divided by 26?
19
Calculate the remainder when 591 is divided by 35.
31
What is the remainder when 495 is divided by 259?
236
Calculate the remainder when 3180 is divided by 43.
41
What is the remainder when 225 is divided by 44?
5
Calculate the remainder when 23 is divided by 2.
1
What is the remainder when 239 is divided by 42?
29
Calculate the remainder when 165 is divided by 34.
29
Calculate the remainder when 151 is divided by 34.
15
What is the remainder when 188 is divided by 16?
12
What is the remainder when 3073 is divided by 1009?
46
Calculate the remainder when 607 is divided by 36.
31
Calculate the remainder when 747 is divided by 105.
12
What is the remainder when 951 is divided by 157?
9
Calculate the remainder when 263 is divided by 162.
101
Calculate the remainder when 520 is divided by 170.
10
What is the remainder when 1994 is divided by 54?
50
What is the remainder when 54 is divided by 15?
9
What is the remainder when 9999 is divided by 3?
0
What is the remainder when 199 is divided by 4?
3
Calculate the remainder when 228 is divided by 104.
20
Calculate the remainder when 79 is divided by 38.
3
Calculate the remainder when 113 is divided by 5.
3
Calculate the remainder when 657 is divided by 22.
19
Calculate the remainder when 69 is divided by 27.
15
Calculate the remainder when 103 is divided by 22.
15
Calculate the remainder when 627 is divided by 157.
156
What is the remainder when 69 is divided by 23?
0
Calculate the remainder when 40 is divided by 36.
4
Calculate the remainder when 304 is divided by 52.
44
Calculate the remainder when 3508 is divided by 38.
12
Calculate the remainder when 213 is divided by 184.
29
Calculate the remainder when 1871 is divided by 104.
103
What is the remainder when 6907 is divided by 216?
211
Calculate the remainder when 4696 is divided by 1565.
1
What is the remainder when 1300 is divided by 29?
24
What is the remainder when 1431 is divided by 711?
9
What is the remainder when 233 is divided by 39?
38
What is the remainder when 19 is divided by 4?
3
Calculate the remainder when 2195 is divided by 38.
29
Calculate the remainder when 736 is divided by 146.
6
Calculate the remainder when 6667 is divided by 115.
112
Calculate the remainder when 437 is divided by 8.
5
Calculate the remainder when 84 is divided by 39.
6
Calculate the remainder when 490 is divided by 170.
150
What is the remainder when 2810 is divided by 38?
36
What is the remainder when 291 is divided by 14?
11
Calculate the remainder when 2027 is divided by 14.
11
Calculate the remainder when 546 is divided by 50.
46
What is the remainder when 303 is divided by 44?
39
What is the remainder when 79 is divided by 24?
7
Calculate the remainder when 836 is divided by 21.
17
What is the remainder when 2657 is divided by 24?
17
What is the remainder when 698 is divided by 54?
50
Calculate the remainder when 1600 is divided by 2.
0
Calculate the remainder when 1062 is divided by 19.
17
What is the remainder when 332 is divided by 26?
20
What is the remainder when 142 is divided by 136?
6
Calculate the remainder when 1243 is divided by 139.
131
What is the remainder when 252 is divided by 23?
22
What is the remainder when 680 is divided by 222?
14
What is the remainder when 14974 is divided by 128?
126
What is the remainder when 1001 is divided by 31?
9
Calculate the remainder when 5055 is divided by 32.
31
Calculate the remainder when 489 is divided by 98.
97
Calculate the remainder when 316 is divided by 148.
20
Calculate the remainder when 17326 is divided by 76.
74
What is the remainder when 285 is divided by 9?
6
Calculate the remainder when 88 is divided by 23.
19
Calculate the remainder when 786 is divided by 66.
60
What is the remainder when 587 is divided by 84?
83
What is the remainder when 1046 is divided by 10?
6
What is the remainder when 8006 is divided by 182?
180
What is the remainder when 1677 is divided by 80?
77
Calculate the remainder when 627 is divided by 90.
87
What is the remainder when 902 is divided by 271?
89
What is the remainder when 325 is divided by 120?
85
What is the remainder when 4045 is divided by 92?
89
What is the remainder when 124 is divided by 42?
40
What is the remainder when 992 is divided by 949?
43
What is the remainder when 2122 is divided by 2115?
7
Calculate the remainder when 874 is divided by 285.
19
What is the remainder when 9998 is divided by 40?
38
Calculate the remainder when 2945 is divided by 37.
22
Calculate the remainder when 574 is divided by 24.
22
What is the remainder when 576 is divided by 132?
48
Calculate the remainder when 364 is divided by 62.
54
What is the remainder when 280 is divided by 49?
35
Calculate the remainder when 679 is divided by 62.
59
Calculate the remainder when 41 is divided by 21.
20
What is the remainder when 509 is divided b